{"id":8866,"date":"2019-05-30T08:06:16","date_gmt":"2019-05-30T07:06:16","guid":{"rendered":"http:\/\/www.ampo.com\/es\/?p=8866"},"modified":"2019-05-30T08:06:16","modified_gmt":"2019-05-30T07:06:16","slug":"construimos-una-cultura-de-seguridad","status":"publish","type":"new","link":"https:\/\/www.ampo.com\/es\/noticias\/construimos-una-cultura-de-seguridad\/","title":{"rendered":"CONSTRUIMOS UNA CULTURA DE SEGURIDAD"},"content":{"rendered":"<p>La seguridad laboral no se improvisa; se planifica y se construye. Y as\u00ed intentamos que sea en AMPO.<\/p>\n<p>En el marco de nuestro plan anual de formaci\u00f3n en seguridad, y con el objetivo de ofrecer unas formaciones m\u00e1s robustas en lo que a contenidos y dedicaci\u00f3n se refiere,<strong> el 100% de nuestra plantilla de Idiazabal recibir\u00e1 diversas sesiones formativas sobre prevenci\u00f3n de riesgos laborales<\/strong>, mostrando una vez m\u00e1s nuestro firme compromiso con la seguridad. <strong>Varias de las sesiones se est\u00e1n celebrando actualmente y cada persona le dedicar\u00e1 una media de 20 horas a ello, fomentando as\u00ed la construcci\u00f3n de una cultura de seguridad.<\/strong><\/p>\n<p>En estas formaciones, organizadas con el apoyo de OSARTEN, nuestro servicio de prevenci\u00f3n mancomunado, se est\u00e1n tratando contenidos relativos a prevenci\u00f3n de riesgos laborales tanto generales como espec\u00edficos, en funci\u00f3n del puesto de trabajo de cada persona.<\/p>\n<p>Con estas renovadas sesiones formativas buscamos mejorar continuamente los comportamientos y las condiciones de Seguridad y Salud de todas las personas. \u00a0Nosotros lo tenemos claro; la prevenci\u00f3n es resposabilidad de todos y cada uno de nosotros y para ello la formaci\u00f3n es clave.<\/p>\n<p><strong>\u00a0<\/strong><\/p>\n","protected":false},"featured_media":8862,"template":"","format":"standard","meta":{"_acf_changed":false,"inline_featured_image":false},"categories":[131,147],"class_list":["post-8866","new","type-new","status-publish","format-standard","has-post-thumbnail","hentry","category-news-media-es","category-grupo"],"acf":[],"yoast_head":"<!-- This site is optimized with the Yoast SEO plugin v26.0 - https:\/\/yoast.com\/wordpress\/plugins\/seo\/ -->\n<title>CONSTRUIMOS UNA CULTURA DE SEGURIDAD - Ampo<\/title>\n<meta name=\"robots\" content=\"index, follow, max-snippet:-1, max-image-preview:large, max-video-preview:-1\" \/>\n<link rel=\"canonical\" href=\"https:\/\/www.ampo.com\/es\/noticias\/construimos-una-cultura-de-seguridad\/\" \/>\n<meta property=\"og:locale\" content=\"es_ES\" \/>\n<meta property=\"og:type\" content=\"article\" \/>\n<meta property=\"og:title\" content=\"CONSTRUIMOS UNA CULTURA DE SEGURIDAD - Ampo\" \/>\n<meta property=\"og:description\" content=\"La seguridad laboral no se improvisa; se planifica y se construye. Y as\u00ed intentamos que sea en AMPO. En el marco de nuestro plan anual de formaci\u00f3n en seguridad, y con el objetivo de ofrecer unas formaciones m\u00e1s robustas en lo que a contenidos y dedicaci\u00f3n se refiere, el 100% de nuestra plantilla de Idiazabal [&hellip;]\" \/>\n<meta property=\"og:url\" content=\"https:\/\/www.ampo.com\/es\/noticias\/construimos-una-cultura-de-seguridad\/\" \/>\n<meta property=\"og:site_name\" content=\"Ampo\" \/>\n<meta property=\"og:image\" content=\"https:\/\/www.ampo.com\/wp-content\/uploads\/2019\/05\/Formacion-web.jpg\" \/>\n\t<meta property=\"og:image:width\" content=\"2362\" \/>\n\t<meta property=\"og:image:height\" content=\"787\" \/>\n\t<meta property=\"og:image:type\" content=\"image\/jpeg\" \/>\n<meta name=\"twitter:card\" content=\"summary_large_image\" \/>\n<meta name=\"twitter:label1\" content=\"Tiempo de lectura\" \/>\n\t<meta name=\"twitter:data1\" content=\"1 minuto\" \/>\n<script type=\"application\/ld+json\" class=\"yoast-schema-graph\">{\"@context\":\"https:\/\/schema.org\",\"@graph\":[{\"@type\":\"WebPage\",\"@id\":\"https:\/\/www.ampo.com\/es\/noticias\/construimos-una-cultura-de-seguridad\/\",\"url\":\"https:\/\/www.ampo.com\/es\/noticias\/construimos-una-cultura-de-seguridad\/\",\"name\":\"CONSTRUIMOS UNA CULTURA DE SEGURIDAD - Ampo\",\"isPartOf\":{\"@id\":\"https:\/\/www.ampo.com\/#website\"},\"primaryImageOfPage\":{\"@id\":\"https:\/\/www.ampo.com\/es\/noticias\/construimos-una-cultura-de-seguridad\/#primaryimage\"},\"image\":{\"@id\":\"https:\/\/www.ampo.com\/es\/noticias\/construimos-una-cultura-de-seguridad\/#primaryimage\"},\"thumbnailUrl\":\"https:\/\/www.ampo.com\/wp-content\/uploads\/2019\/05\/Formacion-web.jpg\",\"datePublished\":\"2019-05-30T07:06:16+00:00\",\"breadcrumb\":{\"@id\":\"https:\/\/www.ampo.com\/es\/noticias\/construimos-una-cultura-de-seguridad\/#breadcrumb\"},\"inLanguage\":\"es\",\"potentialAction\":[{\"@type\":\"ReadAction\",\"target\":[\"https:\/\/www.ampo.com\/es\/noticias\/construimos-una-cultura-de-seguridad\/\"]}]},{\"@type\":\"ImageObject\",\"inLanguage\":\"es\",\"@id\":\"https:\/\/www.ampo.com\/es\/noticias\/construimos-una-cultura-de-seguridad\/#primaryimage\",\"url\":\"https:\/\/www.ampo.com\/wp-content\/uploads\/2019\/05\/Formacion-web.jpg\",\"contentUrl\":\"https:\/\/www.ampo.com\/wp-content\/uploads\/2019\/05\/Formacion-web.jpg\",\"width\":2362,\"height\":787},{\"@type\":\"BreadcrumbList\",\"@id\":\"https:\/\/www.ampo.com\/es\/noticias\/construimos-una-cultura-de-seguridad\/#breadcrumb\",\"itemListElement\":[{\"@type\":\"ListItem\",\"position\":1,\"name\":\"Portada\",\"item\":\"https:\/\/www.ampo.com\/es\/\"},{\"@type\":\"ListItem\",\"position\":2,\"name\":\"News\",\"item\":\"https:\/\/www.ampo.com\/new\/\"},{\"@type\":\"ListItem\",\"position\":3,\"name\":\"CONSTRUIMOS UNA CULTURA DE SEGURIDAD\"}]},{\"@type\":\"WebSite\",\"@id\":\"https:\/\/www.ampo.com\/#website\",\"url\":\"https:\/\/www.ampo.com\/\",\"name\":\"Ampo\",\"description\":\"\",\"publisher\":{\"@id\":\"https:\/\/www.ampo.com\/#organization\"},\"potentialAction\":[{\"@type\":\"SearchAction\",\"target\":{\"@type\":\"EntryPoint\",\"urlTemplate\":\"https:\/\/www.ampo.com\/?s={search_term_string}\"},\"query-input\":{\"@type\":\"PropertyValueSpecification\",\"valueRequired\":true,\"valueName\":\"search_term_string\"}}],\"inLanguage\":\"es\"},{\"@type\":\"Organization\",\"@id\":\"https:\/\/www.ampo.com\/#organization\",\"name\":\"Ampo\",\"url\":\"https:\/\/www.ampo.com\/\",\"logo\":{\"@type\":\"ImageObject\",\"inLanguage\":\"es\",\"@id\":\"https:\/\/www.ampo.com\/#\/schema\/logo\/image\/\",\"url\":\"https:\/\/www.ampo.com\/wp-content\/uploads\/2023\/07\/ampo-logo.png\",\"contentUrl\":\"https:\/\/www.ampo.com\/wp-content\/uploads\/2023\/07\/ampo-logo.png\",\"width\":642,\"height\":211,\"caption\":\"Ampo\"},\"image\":{\"@id\":\"https:\/\/www.ampo.com\/#\/schema\/logo\/image\/\"}}]}<\/script>\n<!-- \/ Yoast SEO plugin. -->","yoast_head_json":{"title":"CONSTRUIMOS UNA CULTURA DE SEGURIDAD - Ampo","robots":{"index":"index","follow":"follow","max-snippet":"max-snippet:-1","max-image-preview":"max-image-preview:large","max-video-preview":"max-video-preview:-1"},"canonical":"https:\/\/www.ampo.com\/es\/noticias\/construimos-una-cultura-de-seguridad\/","og_locale":"es_ES","og_type":"article","og_title":"CONSTRUIMOS UNA CULTURA DE SEGURIDAD - Ampo","og_description":"La seguridad laboral no se improvisa; se planifica y se construye. Y as\u00ed intentamos que sea en AMPO. En el marco de nuestro plan anual de formaci\u00f3n en seguridad, y con el objetivo de ofrecer unas formaciones m\u00e1s robustas en lo que a contenidos y dedicaci\u00f3n se refiere, el 100% de nuestra plantilla de Idiazabal [&hellip;]","og_url":"https:\/\/www.ampo.com\/es\/noticias\/construimos-una-cultura-de-seguridad\/","og_site_name":"Ampo","og_image":[{"width":2362,"height":787,"url":"https:\/\/www.ampo.com\/wp-content\/uploads\/2019\/05\/Formacion-web.jpg","type":"image\/jpeg"}],"twitter_card":"summary_large_image","twitter_misc":{"Tiempo de lectura":"1 minuto"},"schema":{"@context":"https:\/\/schema.org","@graph":[{"@type":"WebPage","@id":"https:\/\/www.ampo.com\/es\/noticias\/construimos-una-cultura-de-seguridad\/","url":"https:\/\/www.ampo.com\/es\/noticias\/construimos-una-cultura-de-seguridad\/","name":"CONSTRUIMOS UNA CULTURA DE SEGURIDAD - Ampo","isPartOf":{"@id":"https:\/\/www.ampo.com\/#website"},"primaryImageOfPage":{"@id":"https:\/\/www.ampo.com\/es\/noticias\/construimos-una-cultura-de-seguridad\/#primaryimage"},"image":{"@id":"https:\/\/www.ampo.com\/es\/noticias\/construimos-una-cultura-de-seguridad\/#primaryimage"},"thumbnailUrl":"https:\/\/www.ampo.com\/wp-content\/uploads\/2019\/05\/Formacion-web.jpg","datePublished":"2019-05-30T07:06:16+00:00","breadcrumb":{"@id":"https:\/\/www.ampo.com\/es\/noticias\/construimos-una-cultura-de-seguridad\/#breadcrumb"},"inLanguage":"es","potentialAction":[{"@type":"ReadAction","target":["https:\/\/www.ampo.com\/es\/noticias\/construimos-una-cultura-de-seguridad\/"]}]},{"@type":"ImageObject","inLanguage":"es","@id":"https:\/\/www.ampo.com\/es\/noticias\/construimos-una-cultura-de-seguridad\/#primaryimage","url":"https:\/\/www.ampo.com\/wp-content\/uploads\/2019\/05\/Formacion-web.jpg","contentUrl":"https:\/\/www.ampo.com\/wp-content\/uploads\/2019\/05\/Formacion-web.jpg","width":2362,"height":787},{"@type":"BreadcrumbList","@id":"https:\/\/www.ampo.com\/es\/noticias\/construimos-una-cultura-de-seguridad\/#breadcrumb","itemListElement":[{"@type":"ListItem","position":1,"name":"Portada","item":"https:\/\/www.ampo.com\/es\/"},{"@type":"ListItem","position":2,"name":"News","item":"https:\/\/www.ampo.com\/new\/"},{"@type":"ListItem","position":3,"name":"CONSTRUIMOS UNA CULTURA DE SEGURIDAD"}]},{"@type":"WebSite","@id":"https:\/\/www.ampo.com\/#website","url":"https:\/\/www.ampo.com\/","name":"Ampo","description":"","publisher":{"@id":"https:\/\/www.ampo.com\/#organization"},"potentialAction":[{"@type":"SearchAction","target":{"@type":"EntryPoint","urlTemplate":"https:\/\/www.ampo.com\/?s={search_term_string}"},"query-input":{"@type":"PropertyValueSpecification","valueRequired":true,"valueName":"search_term_string"}}],"inLanguage":"es"},{"@type":"Organization","@id":"https:\/\/www.ampo.com\/#organization","name":"Ampo","url":"https:\/\/www.ampo.com\/","logo":{"@type":"ImageObject","inLanguage":"es","@id":"https:\/\/www.ampo.com\/#\/schema\/logo\/image\/","url":"https:\/\/www.ampo.com\/wp-content\/uploads\/2023\/07\/ampo-logo.png","contentUrl":"https:\/\/www.ampo.com\/wp-content\/uploads\/2023\/07\/ampo-logo.png","width":642,"height":211,"caption":"Ampo"},"image":{"@id":"https:\/\/www.ampo.com\/#\/schema\/logo\/image\/"}}]}},"_links":{"self":[{"href":"https:\/\/www.ampo.com\/es\/wp-json\/wp\/v2\/new\/8866","targetHints":{"allow":["GET"]}}],"collection":[{"href":"https:\/\/www.ampo.com\/es\/wp-json\/wp\/v2\/new"}],"about":[{"href":"https:\/\/www.ampo.com\/es\/wp-json\/wp\/v2\/types\/new"}],"wp:featuredmedia":[{"embeddable":true,"href":"https:\/\/www.ampo.com\/es\/wp-json\/wp\/v2\/media\/8862"}],"wp:attachment":[{"href":"https:\/\/www.ampo.com\/es\/wp-json\/wp\/v2\/media?parent=8866"}],"wp:term":[{"taxonomy":"category","embeddable":true,"href":"https:\/\/www.ampo.com\/es\/wp-json\/wp\/v2\/categories?post=8866"}],"curies":[{"name":"wp","href":"https:\/\/api.w.org\/{rel}","templated":true}]}}

<p>La seguridad laboral no se improvisa; se planifica y se construye. Y así intentamos que sea en AMPO.</p>
<p>En el marco de nuestro plan anual de formación en seguridad, y con el objetivo de ofrecer unas formaciones más robustas en lo que a contenidos y dedicación se refiere,<strong> el 100% de nuestra plantilla de Idiazabal recibirá diversas sesiones formativas sobre prevención de riesgos laborales</strong>, mostrando una vez más nuestro firme compromiso con la seguridad. <strong>Varias de las sesiones se están celebrando actualmente y cada persona le dedicará una media de 20 horas a ello, fomentando así la construcción de una cultura de seguridad.</strong></p>
<p>En estas formaciones, organizadas con el apoyo de OSARTEN, nuestro servicio de prevención mancomunado, se están tratando contenidos relativos a prevención de riesgos laborales tanto generales como específicos, en función del puesto de trabajo de cada persona.</p>
<p>Con estas renovadas sesiones formativas buscamos mejorar continuamente los comportamientos y las condiciones de Seguridad y Salud de todas las personas.  Nosotros lo tenemos claro; la prevención es resposabilidad de todos y cada uno de nosotros y para ello la formación es clave.</p>
<p><strong> </strong></p>

<!-- This site is optimized with the Yoast SEO plugin v26.0 - https://yoast.com/wordpress/plugins/seo/ -->
<title>CONSTRUIMOS UNA CULTURA DE SEGURIDAD - Ampo</title>
<meta name="robots" content="index, follow, max-snippet:-1, max-image-preview:large, max-video-preview:-1" />
<link rel="canonical" href="https://www.ampo.com/es/noticias/construimos-una-cultura-de-seguridad/" />
<meta property="og:locale" content="es_ES" />
<meta property="og:type" content="article" />
<meta property="og:title" content="CONSTRUIMOS UNA CULTURA DE SEGURIDAD - Ampo" />
<meta property="og:description" content="La seguridad laboral no se improvisa; se planifica y se construye. Y así intentamos que sea en AMPO. En el marco de nuestro plan anual de formación en seguridad, y con el objetivo de ofrecer unas formaciones más robustas en lo que a contenidos y dedicación se refiere, el 100% de nuestra plantilla de Idiazabal [&hellip;]" />
<meta property="og:url" content="https://www.ampo.com/es/noticias/construimos-una-cultura-de-seguridad/" />
<meta property="og:site_name" content="Ampo" />
<meta property="og:image" content="https://www.ampo.com/wp-content/uploads/2019/05/Formacion-web.jpg" />
	<meta property="og:image:width" content="2362" />
	<meta property="og:image:height" content="787" />
	<meta property="og:image:type" content="image/jpeg" />
<meta name="twitter:card" content="summary_large_image" />
<meta name="twitter:label1" content="Tiempo de lectura" />
	<meta name="twitter:data1" content="1 minuto" />
<script type="application/ld+json" class="yoast-schema-graph">{"@context":"https://schema.org","@graph":[{"@type":"WebPage","@id":"https://www.ampo.com/es/noticias/construimos-una-cultura-de-seguridad/","url":"https://www.ampo.com/es/noticias/construimos-una-cultura-de-seguridad/","name":"CONSTRUIMOS UNA CULTURA DE SEGURIDAD - Ampo","isPartOf":{"@id":"https://www.ampo.com/#website"},"primaryImageOfPage":{"@id":"https://www.ampo.com/es/noticias/construimos-una-cultura-de-seguridad/#primaryimage"},"image":{"@id":"https://www.ampo.com/es/noticias/construimos-una-cultura-de-seguridad/#primaryimage"},"thumbnailUrl":"https://www.ampo.com/wp-content/uploads/2019/05/Formacion-web.jpg","datePublished":"2019-05-30T07:06:16+00:00","breadcrumb":{"@id":"https://www.ampo.com/es/noticias/construimos-una-cultura-de-seguridad/#breadcrumb"},"inLanguage":"es","potentialAction":[{"@type":"ReadAction","target":["https://www.ampo.com/es/noticias/construimos-una-cultura-de-seguridad/"]}]},{"@type":"ImageObject","inLanguage":"es","@id":"https://www.ampo.com/es/noticias/construimos-una-cultura-de-seguridad/#primaryimage","url":"https://www.ampo.com/wp-content/uploads/2019/05/Formacion-web.jpg","contentUrl":"https://www.ampo.com/wp-content/uploads/2019/05/Formacion-web.jpg","width":2362,"height":787},{"@type":"BreadcrumbList","@id":"https://www.ampo.com/es/noticias/construimos-una-cultura-de-seguridad/#breadcrumb","itemListElement":[{"@type":"ListItem","position":1,"name":"Portada","item":"https://www.ampo.com/es/"},{"@type":"ListItem","position":2,"name":"News","item":"https://www.ampo.com/new/"},{"@type":"ListItem","position":3,"name":"CONSTRUIMOS UNA CULTURA DE SEGURIDAD"}]},{"@type":"WebSite","@id":"https://www.ampo.com/#website","url":"https://www.ampo.com/","name":"Ampo","description":"","publisher":{"@id":"https://www.ampo.com/#organization"},"potentialAction":[{"@type":"SearchAction","target":{"@type":"EntryPoint","urlTemplate":"https://www.ampo.com/?s={search_term_string}"},"query-input":{"@type":"PropertyValueSpecification","valueRequired":true,"valueName":"search_term_string"}}],"inLanguage":"es"},{"@type":"Organization","@id":"https://www.ampo.com/#organization","name":"Ampo","url":"https://www.ampo.com/","logo":{"@type":"ImageObject","inLanguage":"es","@id":"https://www.ampo.com/#/schema/logo/image/","url":"https://www.ampo.com/wp-content/uploads/2023/07/ampo-logo.png","contentUrl":"https://www.ampo.com/wp-content/uploads/2023/07/ampo-logo.png","width":642,"height":211,"caption":"Ampo"},"image":{"@id":"https://www.ampo.com/#/schema/logo/image/"}}]}</script>
<!-- / Yoast SEO plugin. -->

La seguridad laboral no se improvisa; se planifica y se construye. Y así intentamos que sea en AMPO. En el marco de nuestro plan anual de formación en seguridad, y con el objetivo de ofrecer unas formaciones más robustas en lo que a contenidos y dedicación se refiere, el 100% de nuestra plantilla de Idiazabal [&hellip;]
