{"id":5611,"date":"2016-12-22T13:04:34","date_gmt":"2016-12-22T13:04:34","guid":{"rendered":"http:\/\/ampo.com\/es\/delegates-meeting-ampo\/"},"modified":"2016-12-22T13:04:34","modified_gmt":"2016-12-22T13:04:34","slug":"celebracion-de-las-convenciones-de-delegados","status":"publish","type":"new","link":"https:\/\/www.ampo.com\/es\/noticias\/celebracion-de-las-convenciones-de-delegados\/","title":{"rendered":"Celebraci\u00f3n de las convenciones de delegados"},"content":{"rendered":"<p>Hoy en d\u00eda AMPO cuenta con una amplia red de delegados y agentes por todo el mundo, estando presente en m\u00e1s de 60 pa\u00edses de todo el mundo.<\/p>\n<p>Con el objetivo de compartir las experiencias entre las \u00e1reas comerciales de los cinco continentes y reflexionar sobre la estrategia comercial de cara al 2017, en noviembre se han celebrado en Idiazabal las convenciones de delegados anuales tanto de la divisi\u00f3n de fundici\u00f3n como de v\u00e1lvulas.<\/p>\n<p>&nbsp;<\/p>\n<p>En ambas convenciones se analiz\u00f3 exhaustivamente la situaci\u00f3n actual del mercado y se definieron las estrategias comerciales para los pr\u00f3ximos a\u00f1os, teniendo como principal objetivo estar cerca de nuestros clientes y responder a sus necesidades.<\/p>\n<p>La estrategia principal de AMPO sigue siendo la de conseguir la fidelizaci\u00f3n de los clientes \u00a0adapt\u00e1ndose a sus necesidades y proporcion\u00e1ndoles productos y servicios de primer nivel.<\/p>\n<p>Todos los delegados pudieron aprovechar la visita para conocer de cerca las \u00faltimas novedades de AMPO en cuanto a desarrollo de nuevos productos y tecnolog\u00edas se refiere, la puesta en marcha de las nuevas instalaciones, etc.<\/p>\n","protected":false},"featured_media":5607,"template":"","format":"standard","meta":{"_acf_changed":false,"inline_featured_image":false},"categories":[131,147],"class_list":["post-5611","new","type-new","status-publish","format-standard","has-post-thumbnail","hentry","category-news-media-es","category-grupo"],"acf":[],"yoast_head":"<!-- This site is optimized with the Yoast SEO plugin v26.0 - https:\/\/yoast.com\/wordpress\/plugins\/seo\/ -->\n<title>Celebraci\u00f3n de las convenciones de delegados - Ampo<\/title>\n<meta name=\"robots\" content=\"index, follow, max-snippet:-1, max-image-preview:large, max-video-preview:-1\" \/>\n<link rel=\"canonical\" href=\"https:\/\/www.ampo.com\/es\/noticias\/celebracion-de-las-convenciones-de-delegados\/\" \/>\n<meta property=\"og:locale\" content=\"es_ES\" \/>\n<meta property=\"og:type\" content=\"article\" \/>\n<meta property=\"og:title\" content=\"Celebraci\u00f3n de las convenciones de delegados - Ampo\" \/>\n<meta property=\"og:description\" content=\"Hoy en d\u00eda AMPO cuenta con una amplia red de delegados y agentes por todo el mundo, estando presente en m\u00e1s de 60 pa\u00edses de todo el mundo. Con el objetivo de compartir las experiencias entre las \u00e1reas comerciales de los cinco continentes y reflexionar sobre la estrategia comercial de cara al 2017, en noviembre [&hellip;]\" \/>\n<meta property=\"og:url\" content=\"https:\/\/www.ampo.com\/es\/noticias\/celebracion-de-las-convenciones-de-delegados\/\" \/>\n<meta property=\"og:site_name\" content=\"Ampo\" \/>\n<meta property=\"og:image\" content=\"https:\/\/www.ampo.com\/wp-content\/uploads\/2016\/12\/2.-Vision_JAZ_594173-1-scaled.jpg\" \/>\n\t<meta property=\"og:image:width\" content=\"2560\" \/>\n\t<meta property=\"og:image:height\" content=\"1557\" \/>\n\t<meta property=\"og:image:type\" content=\"image\/jpeg\" \/>\n<meta name=\"twitter:card\" content=\"summary_large_image\" \/>\n<meta name=\"twitter:label1\" content=\"Tiempo de lectura\" \/>\n\t<meta name=\"twitter:data1\" content=\"1 minuto\" \/>\n<script type=\"application\/ld+json\" class=\"yoast-schema-graph\">{\"@context\":\"https:\/\/schema.org\",\"@graph\":[{\"@type\":\"WebPage\",\"@id\":\"https:\/\/www.ampo.com\/es\/noticias\/celebracion-de-las-convenciones-de-delegados\/\",\"url\":\"https:\/\/www.ampo.com\/es\/noticias\/celebracion-de-las-convenciones-de-delegados\/\",\"name\":\"Celebraci\u00f3n de las convenciones de delegados - Ampo\",\"isPartOf\":{\"@id\":\"https:\/\/www.ampo.com\/#website\"},\"primaryImageOfPage\":{\"@id\":\"https:\/\/www.ampo.com\/es\/noticias\/celebracion-de-las-convenciones-de-delegados\/#primaryimage\"},\"image\":{\"@id\":\"https:\/\/www.ampo.com\/es\/noticias\/celebracion-de-las-convenciones-de-delegados\/#primaryimage\"},\"thumbnailUrl\":\"https:\/\/www.ampo.com\/wp-content\/uploads\/2016\/12\/2.-Vision_JAZ_594173-1-scaled.jpg\",\"datePublished\":\"2016-12-22T13:04:34+00:00\",\"breadcrumb\":{\"@id\":\"https:\/\/www.ampo.com\/es\/noticias\/celebracion-de-las-convenciones-de-delegados\/#breadcrumb\"},\"inLanguage\":\"es\",\"potentialAction\":[{\"@type\":\"ReadAction\",\"target\":[\"https:\/\/www.ampo.com\/es\/noticias\/celebracion-de-las-convenciones-de-delegados\/\"]}]},{\"@type\":\"ImageObject\",\"inLanguage\":\"es\",\"@id\":\"https:\/\/www.ampo.com\/es\/noticias\/celebracion-de-las-convenciones-de-delegados\/#primaryimage\",\"url\":\"https:\/\/www.ampo.com\/wp-content\/uploads\/2016\/12\/2.-Vision_JAZ_594173-1-scaled.jpg\",\"contentUrl\":\"https:\/\/www.ampo.com\/wp-content\/uploads\/2016\/12\/2.-Vision_JAZ_594173-1-scaled.jpg\",\"width\":2560,\"height\":1557},{\"@type\":\"BreadcrumbList\",\"@id\":\"https:\/\/www.ampo.com\/es\/noticias\/celebracion-de-las-convenciones-de-delegados\/#breadcrumb\",\"itemListElement\":[{\"@type\":\"ListItem\",\"position\":1,\"name\":\"Portada\",\"item\":\"https:\/\/www.ampo.com\/es\/\"},{\"@type\":\"ListItem\",\"position\":2,\"name\":\"News\",\"item\":\"https:\/\/www.ampo.com\/new\/\"},{\"@type\":\"ListItem\",\"position\":3,\"name\":\"Celebraci\u00f3n de las convenciones de delegados\"}]},{\"@type\":\"WebSite\",\"@id\":\"https:\/\/www.ampo.com\/#website\",\"url\":\"https:\/\/www.ampo.com\/\",\"name\":\"Ampo\",\"description\":\"\",\"publisher\":{\"@id\":\"https:\/\/www.ampo.com\/#organization\"},\"potentialAction\":[{\"@type\":\"SearchAction\",\"target\":{\"@type\":\"EntryPoint\",\"urlTemplate\":\"https:\/\/www.ampo.com\/?s={search_term_string}\"},\"query-input\":{\"@type\":\"PropertyValueSpecification\",\"valueRequired\":true,\"valueName\":\"search_term_string\"}}],\"inLanguage\":\"es\"},{\"@type\":\"Organization\",\"@id\":\"https:\/\/www.ampo.com\/#organization\",\"name\":\"Ampo\",\"url\":\"https:\/\/www.ampo.com\/\",\"logo\":{\"@type\":\"ImageObject\",\"inLanguage\":\"es\",\"@id\":\"https:\/\/www.ampo.com\/#\/schema\/logo\/image\/\",\"url\":\"https:\/\/www.ampo.com\/wp-content\/uploads\/2023\/07\/ampo-logo.png\",\"contentUrl\":\"https:\/\/www.ampo.com\/wp-content\/uploads\/2023\/07\/ampo-logo.png\",\"width\":642,\"height\":211,\"caption\":\"Ampo\"},\"image\":{\"@id\":\"https:\/\/www.ampo.com\/#\/schema\/logo\/image\/\"}}]}<\/script>\n<!-- \/ Yoast SEO plugin. -->","yoast_head_json":{"title":"Celebraci\u00f3n de las convenciones de delegados - Ampo","robots":{"index":"index","follow":"follow","max-snippet":"max-snippet:-1","max-image-preview":"max-image-preview:large","max-video-preview":"max-video-preview:-1"},"canonical":"https:\/\/www.ampo.com\/es\/noticias\/celebracion-de-las-convenciones-de-delegados\/","og_locale":"es_ES","og_type":"article","og_title":"Celebraci\u00f3n de las convenciones de delegados - Ampo","og_description":"Hoy en d\u00eda AMPO cuenta con una amplia red de delegados y agentes por todo el mundo, estando presente en m\u00e1s de 60 pa\u00edses de todo el mundo. Con el objetivo de compartir las experiencias entre las \u00e1reas comerciales de los cinco continentes y reflexionar sobre la estrategia comercial de cara al 2017, en noviembre [&hellip;]","og_url":"https:\/\/www.ampo.com\/es\/noticias\/celebracion-de-las-convenciones-de-delegados\/","og_site_name":"Ampo","og_image":[{"width":2560,"height":1557,"url":"https:\/\/www.ampo.com\/wp-content\/uploads\/2016\/12\/2.-Vision_JAZ_594173-1-scaled.jpg","type":"image\/jpeg"}],"twitter_card":"summary_large_image","twitter_misc":{"Tiempo de lectura":"1 minuto"},"schema":{"@context":"https:\/\/schema.org","@graph":[{"@type":"WebPage","@id":"https:\/\/www.ampo.com\/es\/noticias\/celebracion-de-las-convenciones-de-delegados\/","url":"https:\/\/www.ampo.com\/es\/noticias\/celebracion-de-las-convenciones-de-delegados\/","name":"Celebraci\u00f3n de las convenciones de delegados - Ampo","isPartOf":{"@id":"https:\/\/www.ampo.com\/#website"},"primaryImageOfPage":{"@id":"https:\/\/www.ampo.com\/es\/noticias\/celebracion-de-las-convenciones-de-delegados\/#primaryimage"},"image":{"@id":"https:\/\/www.ampo.com\/es\/noticias\/celebracion-de-las-convenciones-de-delegados\/#primaryimage"},"thumbnailUrl":"https:\/\/www.ampo.com\/wp-content\/uploads\/2016\/12\/2.-Vision_JAZ_594173-1-scaled.jpg","datePublished":"2016-12-22T13:04:34+00:00","breadcrumb":{"@id":"https:\/\/www.ampo.com\/es\/noticias\/celebracion-de-las-convenciones-de-delegados\/#breadcrumb"},"inLanguage":"es","potentialAction":[{"@type":"ReadAction","target":["https:\/\/www.ampo.com\/es\/noticias\/celebracion-de-las-convenciones-de-delegados\/"]}]},{"@type":"ImageObject","inLanguage":"es","@id":"https:\/\/www.ampo.com\/es\/noticias\/celebracion-de-las-convenciones-de-delegados\/#primaryimage","url":"https:\/\/www.ampo.com\/wp-content\/uploads\/2016\/12\/2.-Vision_JAZ_594173-1-scaled.jpg","contentUrl":"https:\/\/www.ampo.com\/wp-content\/uploads\/2016\/12\/2.-Vision_JAZ_594173-1-scaled.jpg","width":2560,"height":1557},{"@type":"BreadcrumbList","@id":"https:\/\/www.ampo.com\/es\/noticias\/celebracion-de-las-convenciones-de-delegados\/#breadcrumb","itemListElement":[{"@type":"ListItem","position":1,"name":"Portada","item":"https:\/\/www.ampo.com\/es\/"},{"@type":"ListItem","position":2,"name":"News","item":"https:\/\/www.ampo.com\/new\/"},{"@type":"ListItem","position":3,"name":"Celebraci\u00f3n de las convenciones de delegados"}]},{"@type":"WebSite","@id":"https:\/\/www.ampo.com\/#website","url":"https:\/\/www.ampo.com\/","name":"Ampo","description":"","publisher":{"@id":"https:\/\/www.ampo.com\/#organization"},"potentialAction":[{"@type":"SearchAction","target":{"@type":"EntryPoint","urlTemplate":"https:\/\/www.ampo.com\/?s={search_term_string}"},"query-input":{"@type":"PropertyValueSpecification","valueRequired":true,"valueName":"search_term_string"}}],"inLanguage":"es"},{"@type":"Organization","@id":"https:\/\/www.ampo.com\/#organization","name":"Ampo","url":"https:\/\/www.ampo.com\/","logo":{"@type":"ImageObject","inLanguage":"es","@id":"https:\/\/www.ampo.com\/#\/schema\/logo\/image\/","url":"https:\/\/www.ampo.com\/wp-content\/uploads\/2023\/07\/ampo-logo.png","contentUrl":"https:\/\/www.ampo.com\/wp-content\/uploads\/2023\/07\/ampo-logo.png","width":642,"height":211,"caption":"Ampo"},"image":{"@id":"https:\/\/www.ampo.com\/#\/schema\/logo\/image\/"}}]}},"_links":{"self":[{"href":"https:\/\/www.ampo.com\/es\/wp-json\/wp\/v2\/new\/5611","targetHints":{"allow":["GET"]}}],"collection":[{"href":"https:\/\/www.ampo.com\/es\/wp-json\/wp\/v2\/new"}],"about":[{"href":"https:\/\/www.ampo.com\/es\/wp-json\/wp\/v2\/types\/new"}],"wp:featuredmedia":[{"embeddable":true,"href":"https:\/\/www.ampo.com\/es\/wp-json\/wp\/v2\/media\/5607"}],"wp:attachment":[{"href":"https:\/\/www.ampo.com\/es\/wp-json\/wp\/v2\/media?parent=5611"}],"wp:term":[{"taxonomy":"category","embeddable":true,"href":"https:\/\/www.ampo.com\/es\/wp-json\/wp\/v2\/categories?post=5611"}],"curies":[{"name":"wp","href":"https:\/\/api.w.org\/{rel}","templated":true}]}}

Celebración de las convenciones de delegados

<p>Hoy en día AMPO cuenta con una amplia red de delegados y agentes por todo el mundo, estando presente en más de 60 países de todo el mundo.</p>
<p>Con el objetivo de compartir las experiencias entre las áreas comerciales de los cinco continentes y reflexionar sobre la estrategia comercial de cara al 2017, en noviembre se han celebrado en Idiazabal las convenciones de delegados anuales tanto de la división de fundición como de válvulas.</p>
<p>&nbsp;</p>
<p>En ambas convenciones se analizó exhaustivamente la situación actual del mercado y se definieron las estrategias comerciales para los próximos años, teniendo como principal objetivo estar cerca de nuestros clientes y responder a sus necesidades.</p>
<p>La estrategia principal de AMPO sigue siendo la de conseguir la fidelización de los clientes  adaptándose a sus necesidades y proporcionándoles productos y servicios de primer nivel.</p>
<p>Todos los delegados pudieron aprovechar la visita para conocer de cerca las últimas novedades de AMPO en cuanto a desarrollo de nuevos productos y tecnologías se refiere, la puesta en marcha de las nuevas instalaciones, etc.</p>

<!-- This site is optimized with the Yoast SEO plugin v26.0 - https://yoast.com/wordpress/plugins/seo/ -->
<title>Celebración de las convenciones de delegados - Ampo</title>
<meta name="robots" content="index, follow, max-snippet:-1, max-image-preview:large, max-video-preview:-1" />
<link rel="canonical" href="https://www.ampo.com/es/noticias/celebracion-de-las-convenciones-de-delegados/" />
<meta property="og:locale" content="es_ES" />
<meta property="og:type" content="article" />
<meta property="og:title" content="Celebración de las convenciones de delegados - Ampo" />
<meta property="og:description" content="Hoy en día AMPO cuenta con una amplia red de delegados y agentes por todo el mundo, estando presente en más de 60 países de todo el mundo. Con el objetivo de compartir las experiencias entre las áreas comerciales de los cinco continentes y reflexionar sobre la estrategia comercial de cara al 2017, en noviembre [&hellip;]" />
<meta property="og:url" content="https://www.ampo.com/es/noticias/celebracion-de-las-convenciones-de-delegados/" />
<meta property="og:site_name" content="Ampo" />
<meta property="og:image" content="https://www.ampo.com/wp-content/uploads/2016/12/2.-Vision_JAZ_594173-1-scaled.jpg" />
	<meta property="og:image:width" content="2560" />
	<meta property="og:image:height" content="1557" />
	<meta property="og:image:type" content="image/jpeg" />
<meta name="twitter:card" content="summary_large_image" />
<meta name="twitter:label1" content="Tiempo de lectura" />
	<meta name="twitter:data1" content="1 minuto" />
<script type="application/ld+json" class="yoast-schema-graph">{"@context":"https://schema.org","@graph":[{"@type":"WebPage","@id":"https://www.ampo.com/es/noticias/celebracion-de-las-convenciones-de-delegados/","url":"https://www.ampo.com/es/noticias/celebracion-de-las-convenciones-de-delegados/","name":"Celebración de las convenciones de delegados - Ampo","isPartOf":{"@id":"https://www.ampo.com/#website"},"primaryImageOfPage":{"@id":"https://www.ampo.com/es/noticias/celebracion-de-las-convenciones-de-delegados/#primaryimage"},"image":{"@id":"https://www.ampo.com/es/noticias/celebracion-de-las-convenciones-de-delegados/#primaryimage"},"thumbnailUrl":"https://www.ampo.com/wp-content/uploads/2016/12/2.-Vision_JAZ_594173-1-scaled.jpg","datePublished":"2016-12-22T13:04:34+00:00","breadcrumb":{"@id":"https://www.ampo.com/es/noticias/celebracion-de-las-convenciones-de-delegados/#breadcrumb"},"inLanguage":"es","potentialAction":[{"@type":"ReadAction","target":["https://www.ampo.com/es/noticias/celebracion-de-las-convenciones-de-delegados/"]}]},{"@type":"ImageObject","inLanguage":"es","@id":"https://www.ampo.com/es/noticias/celebracion-de-las-convenciones-de-delegados/#primaryimage","url":"https://www.ampo.com/wp-content/uploads/2016/12/2.-Vision_JAZ_594173-1-scaled.jpg","contentUrl":"https://www.ampo.com/wp-content/uploads/2016/12/2.-Vision_JAZ_594173-1-scaled.jpg","width":2560,"height":1557},{"@type":"BreadcrumbList","@id":"https://www.ampo.com/es/noticias/celebracion-de-las-convenciones-de-delegados/#breadcrumb","itemListElement":[{"@type":"ListItem","position":1,"name":"Portada","item":"https://www.ampo.com/es/"},{"@type":"ListItem","position":2,"name":"News","item":"https://www.ampo.com/new/"},{"@type":"ListItem","position":3,"name":"Celebración de las convenciones de delegados"}]},{"@type":"WebSite","@id":"https://www.ampo.com/#website","url":"https://www.ampo.com/","name":"Ampo","description":"","publisher":{"@id":"https://www.ampo.com/#organization"},"potentialAction":[{"@type":"SearchAction","target":{"@type":"EntryPoint","urlTemplate":"https://www.ampo.com/?s={search_term_string}"},"query-input":{"@type":"PropertyValueSpecification","valueRequired":true,"valueName":"search_term_string"}}],"inLanguage":"es"},{"@type":"Organization","@id":"https://www.ampo.com/#organization","name":"Ampo","url":"https://www.ampo.com/","logo":{"@type":"ImageObject","inLanguage":"es","@id":"https://www.ampo.com/#/schema/logo/image/","url":"https://www.ampo.com/wp-content/uploads/2023/07/ampo-logo.png","contentUrl":"https://www.ampo.com/wp-content/uploads/2023/07/ampo-logo.png","width":642,"height":211,"caption":"Ampo"},"image":{"@id":"https://www.ampo.com/#/schema/logo/image/"}}]}</script>
<!-- / Yoast SEO plugin. -->

Celebración de las convenciones de delegados - Ampo

Hoy en día AMPO cuenta con una amplia red de delegados y agentes por todo el mundo, estando presente en más de 60 países de todo el mundo. Con el objetivo de compartir las experiencias entre las áreas comerciales de los cinco continentes y reflexionar sobre la estrategia comercial de cara al 2017, en noviembre [&hellip;]
