{"version":"1.0","provider_name":"Ampo","provider_url":"https:\/\/www.ampo.com\/es\/","author_name":"admin","author_url":"https:\/\/www.ampo.com\/es\/author\/admin\/","title":"Celebraci\u00f3n de las convenciones de delegados - Ampo","type":"rich","width":600,"height":338,"html":"<blockquote class=\"wp-embedded-content\" data-secret=\"wXIoUrtlIL\"><a href=\"https:\/\/www.ampo.com\/es\/celebracion-de-las-convenciones-de-delegados\/\">Celebraci\u00f3n de las convenciones de delegados<\/a><\/blockquote><iframe sandbox=\"allow-scripts\" security=\"restricted\" src=\"https:\/\/www.ampo.com\/es\/celebracion-de-las-convenciones-de-delegados\/embed\/#?secret=wXIoUrtlIL\" width=\"600\" height=\"338\" title=\"\u00abCelebraci\u00f3n de las convenciones de delegados\u00bb \u2014 Ampo\" data-secret=\"wXIoUrtlIL\" frameborder=\"0\" marginwidth=\"0\" marginheight=\"0\" scrolling=\"no\" class=\"wp-embedded-content\"><\/iframe><script>\n\/*! This file is auto-generated *\/\n!function(d,l){\"use strict\";l.querySelector&&d.addEventListener&&\"undefined\"!=typeof URL&&(d.wp=d.wp||{},d.wp.receiveEmbedMessage||(d.wp.receiveEmbedMessage=function(e){var t=e.data;if((t||t.secret||t.message||t.value)&&!\/[^a-zA-Z0-9]\/.test(t.secret)){for(var s,r,n,a=l.querySelectorAll('iframe[data-secret=\"'+t.secret+'\"]'),o=l.querySelectorAll('blockquote[data-secret=\"'+t.secret+'\"]'),c=new RegExp(\"^https?:$\",\"i\"),i=0;i<o.length;i++)o[i].style.display=\"none\";for(i=0;i<a.length;i++)s=a[i],e.source===s.contentWindow&&(s.removeAttribute(\"style\"),\"height\"===t.message?(1e3<(r=parseInt(t.value,10))?r=1e3:~~r<200&&(r=200),s.height=r):\"link\"===t.message&&(r=new URL(s.getAttribute(\"src\")),n=new URL(t.value),c.test(n.protocol))&&n.host===r.host&&l.activeElement===s&&(d.top.location.href=t.value))}},d.addEventListener(\"message\",d.wp.receiveEmbedMessage,!1),l.addEventListener(\"DOMContentLoaded\",function(){for(var e,t,s=l.querySelectorAll(\"iframe.wp-embedded-content\"),r=0;r<s.length;r++)(t=(e=s[r]).getAttribute(\"data-secret\"))||(t=Math.random().toString(36).substring(2,12),e.src+=\"#?secret=\"+t,e.setAttribute(\"data-secret\",t)),e.contentWindow.postMessage({message:\"ready\",secret:t},\"*\")},!1)))}(window,document);\n\/\/# sourceURL=https:\/\/www.ampo.com\/wp-includes\/js\/wp-embed.min.js\n<\/script>\n","thumbnail_url":"https:\/\/www.ampo.com\/wp-content\/uploads\/2016\/12\/2.-Vision_JAZ_594173-1-scaled.jpg","thumbnail_width":2560,"thumbnail_height":1557,"description":"Hoy en d\u00eda AMPO cuenta con una amplia red de delegados y agentes por todo el mundo, estando presente en m\u00e1s de 60 pa\u00edses de todo el mundo. Con el objetivo de compartir las experiencias entre las \u00e1reas comerciales de los cinco continentes y reflexionar sobre la estrategia comercial de cara al 2017, en noviembre [&hellip;]"}

Celebración de las convenciones de delegados - Ampo

<blockquote class="wp-embedded-content" data-secret="wXIoUrtlIL"><a href="https://www.ampo.com/es/celebracion-de-las-convenciones-de-delegados/">Celebración de las convenciones de delegados</a></blockquote><iframe sandbox="allow-scripts" security="restricted" src="https://www.ampo.com/es/celebracion-de-las-convenciones-de-delegados/embed/#?secret=wXIoUrtlIL" width="600" height="338" title="«Celebración de las convenciones de delegados» — Ampo" data-secret="wXIoUrtlIL" frameborder="0" marginwidth="0" marginheight="0" scrolling="no" class="wp-embedded-content"></iframe><script>
/*! This file is auto-generated */
!function(d,l){"use strict";l.querySelector&&d.addEventListener&&"undefined"!=typeof URL&&(d.wp=d.wp||{},d.wp.receiveEmbedMessage||(d.wp.receiveEmbedMessage=function(e){var t=e.data;if((t||t.secret||t.message||t.value)&&!/[^a-zA-Z0-9]/.test(t.secret)){for(var s,r,n,a=l.querySelectorAll('iframe[data-secret="'+t.secret+'"]'),o=l.querySelectorAll('blockquote[data-secret="'+t.secret+'"]'),c=new RegExp("^https?:$","i"),i=0;i<o.length;i++)o[i].style.display="none";for(i=0;i<a.length;i++)s=a[i],e.source===s.contentWindow&&(s.removeAttribute("style"),"height"===t.message?(1e3<(r=parseInt(t.value,10))?r=1e3:~~r<200&&(r=200),s.height=r):"link"===t.message&&(r=new URL(s.getAttribute("src")),n=new URL(t.value),c.test(n.protocol))&&n.host===r.host&&l.activeElement===s&&(d.top.location.href=t.value))}},d.addEventListener("message",d.wp.receiveEmbedMessage,!1),l.addEventListener("DOMContentLoaded",function(){for(var e,t,s=l.querySelectorAll("iframe.wp-embedded-content"),r=0;r<s.length;r++)(t=(e=s[r]).getAttribute("data-secret"))||(t=Math.random().toString(36).substring(2,12),e.src+="#?secret="+t,e.setAttribute("data-secret",t)),e.contentWindow.postMessage({message:"ready",secret:t},"*")},!1)))}(window,document);
//# sourceURL=https://www.ampo.com/wp-includes/js/wp-embed.min.js
</script>

Hoy en día AMPO cuenta con una amplia red de delegados y agentes por todo el mundo, estando presente en más de 60 países de todo el mundo. Con el objetivo de compartir las experiencias entre las áreas comerciales de los cinco continentes y reflexionar sobre la estrategia comercial de cara al 2017, en noviembre [&hellip;]
